{"id":2,"date":"2024-08-03T16:23:28","date_gmt":"2024-08-03T16:23:28","guid":{"rendered":"https:\/\/ilanasadka.com\/chef\/?page_id=2"},"modified":"2026-04-08T22:07:50","modified_gmt":"2026-04-08T20:07:50","slug":"kosher-3","status":"publish","type":"page","link":"https:\/\/ilanasadka.com\/chef\/","title":{"rendered":"Chef"},"content":{"rendered":"\r\n<p style=\"text-align: center;\"><img loading=\"lazy\" class=\"aligncenter wp-image-4758 size-full\" src=\"https:\/\/ilanasadka.com\/chef\/wp-content\/uploads\/2026\/04\/Banner-ilana-sadka-kosher-scaled.jpg\" alt=\"\" width=\"2560\" height=\"798\" srcset=\"https:\/\/ilanasadka.com\/chef\/wp-content\/uploads\/2026\/04\/Banner-ilana-sadka-kosher-scaled.jpg 2560w, https:\/\/ilanasadka.com\/chef\/wp-content\/uploads\/2026\/04\/Banner-ilana-sadka-kosher-300x94.jpg 300w, https:\/\/ilanasadka.com\/chef\/wp-content\/uploads\/2026\/04\/Banner-ilana-sadka-kosher-1024x319.jpg 1024w, https:\/\/ilanasadka.com\/chef\/wp-content\/uploads\/2026\/04\/Banner-ilana-sadka-kosher-768x240.jpg 768w, https:\/\/ilanasadka.com\/chef\/wp-content\/uploads\/2026\/04\/Banner-ilana-sadka-kosher-1536x479.jpg 1536w, https:\/\/ilanasadka.com\/chef\/wp-content\/uploads\/2026\/04\/Banner-ilana-sadka-kosher-2048x639.jpg 2048w\" sizes=\"auto, (max-width: 2560px) 100vw, 2560px\" \/><\/p>\r\n<p class=\"p1\" style=\"text-align: center;\">Gracias a su amplia experiencia por todo el mundo, trabajo, sesiones de formaci\u00f3n y colaboraciones, llana ha perfeccionado sus habilidades culinarias en diversos entornos, como S\u00e3o Paulo, Estados Unidos, Italia y Espa\u00f1a. Desde la adopci\u00f3n de las t\u00e9cnicas de cocina m\u00e1s antiguas y diversas hasta la atenci\u00f3n a las preferencias kosher, veganas y vegetarianas, la competencia de llana abarca todo el espectro del arte culinario. Adem\u00e1s, es una chef y consultora muy respetada y reconocida por mantener unos est\u00e1ndares excepcionales. Actualmente, Barcelona tiene un significado especial en su trayectoria profesional.<\/p>\r\n<h2 style=\"text-align: center;\">\u00abCocino con el coraz\u00f3n y respetando los ingredientes y a los comensales\u00bb.<\/h2>\r\n<p style=\"text-align: center;\"><img loading=\"lazy\" class=\"aligncenter wp-image-4502 \" src=\"https:\/\/ilanasadka.com\/chef\/wp-content\/uploads\/2025\/09\/banner.jpg\" alt=\"\" width=\"931\" height=\"80\" srcset=\"https:\/\/ilanasadka.com\/chef\/wp-content\/uploads\/2025\/09\/banner.jpg 1818w, https:\/\/ilanasadka.com\/chef\/wp-content\/uploads\/2025\/09\/banner-300x26.jpg 300w, https:\/\/ilanasadka.com\/chef\/wp-content\/uploads\/2025\/09\/banner-1024x88.jpg 1024w, https:\/\/ilanasadka.com\/chef\/wp-content\/uploads\/2025\/09\/banner-768x66.jpg 768w, https:\/\/ilanasadka.com\/chef\/wp-content\/uploads\/2025\/09\/banner-1536x133.jpg 1536w\" sizes=\"auto, (max-width: 931px) 100vw, 931px\" \/><\/p>\r\n<p><img loading=\"lazy\" class=\"wp-image-2606 aligncenter\" src=\"https:\/\/ilanasadka.com\/chef\/wp-content\/uploads\/2024\/08\/frase-857x64.jpeg\" alt=\"Chef ilana\" width=\"857\" height=\"64\" srcset=\"https:\/\/ilanasadka.com\/chef\/wp-content\/uploads\/2024\/08\/frase-857x64.jpeg 857w, https:\/\/ilanasadka.com\/chef\/wp-content\/uploads\/2024\/08\/frase-300x22.jpeg 300w, https:\/\/ilanasadka.com\/chef\/wp-content\/uploads\/2024\/08\/frase-1024x77.jpeg 1024w, https:\/\/ilanasadka.com\/chef\/wp-content\/uploads\/2024\/08\/frase-768x57.jpeg 768w, https:\/\/ilanasadka.com\/chef\/wp-content\/uploads\/2024\/08\/frase.jpeg 1392w\" sizes=\"auto, (max-width: 857px) 100vw, 857px\" \/><\/p>\r\n<h3 class=\"section-title\" style=\"text-align: center;\">La excelencia en el trabajo<\/h3>\r\n<p style=\"text-align: justify;\">Desde muy joven sent\u00ed la necesidad de crear, transformar momentos y sorprender. Pensaba: Ojal\u00e1 pudiera utilizar mi imaginaci\u00f3n e intuici\u00f3n para animar y satisfacer a la gente que me rodea, pero no ten\u00eda ni idea de ad\u00f3nde me llevar\u00eda eso.<\/p>\r\n<p style=\"text-align: justify;\">Decid\u00ed ir a la universidad y estudiar Publicidad y Marketing, donde pens\u00e9 que podr\u00eda realizarme, pero nada m\u00e1s formarme me di cuenta de que mi verdadero placer estaba en otra parte. Por aquel entonces, ya sent\u00eda una gran predilecci\u00f3n por la cocina y era entre sartenes, libros de cocina, especias y condimentos donde cumpl\u00eda mis deseos y me sent\u00eda cada vez m\u00e1s realizada. Imaginaba sabores y texturas, y c\u00f3mo eso har\u00eda feliz a cualquiera. Mis creaciones har\u00edan feliz a la gente y seguramente les satisfar\u00edan. Despert\u00f3 en m\u00ed la pasi\u00f3n por la gastronom\u00eda y decid\u00ed seguir ese camino. Me hice chef y ahora puedo utilizar mi creatividad y mis conocimientos culinarios para deleitar a los dem\u00e1s ofreci\u00e9ndoles experiencias gastron\u00f3micas \u00fanicas y satisfactorias. En resumen, desde muy joven ansiaba crear, transformar y sorprender, y con ello descubr\u00ed mi vocaci\u00f3n.<\/p>\r\n<p><a href=\"https:\/\/comunitatjueva.com\/\" target=\"_blank\" rel=\"noopener\"><img loading=\"lazy\" class=\"aligncenter wp-image-4746\" src=\"https:\/\/ilanasadka.com\/chef\/wp-content\/uploads\/2026\/04\/ilana-sadka.jpg\" alt=\"\" width=\"232\" height=\"312\" srcset=\"https:\/\/ilanasadka.com\/chef\/wp-content\/uploads\/2026\/04\/ilana-sadka.jpg 488w, https:\/\/ilanasadka.com\/chef\/wp-content\/uploads\/2026\/04\/ilana-sadka-223x300.jpg 223w\" sizes=\"auto, (max-width: 232px) 100vw, 232px\" \/><\/a><\/p>\r\n<p><img loading=\"lazy\" class=\"size-full wp-image-2612\" src=\"https:\/\/ilanasadka.com\/chef\/wp-content\/uploads\/2024\/08\/dishes.jpeg\" alt=\"Chef ilana\" width=\"2304\" height=\"394\" srcset=\"https:\/\/ilanasadka.com\/chef\/wp-content\/uploads\/2024\/08\/dishes.jpeg 2304w, https:\/\/ilanasadka.com\/chef\/wp-content\/uploads\/2024\/08\/dishes-300x51.jpeg 300w, https:\/\/ilanasadka.com\/chef\/wp-content\/uploads\/2024\/08\/dishes-1024x175.jpeg 1024w, https:\/\/ilanasadka.com\/chef\/wp-content\/uploads\/2024\/08\/dishes-768x131.jpeg 768w, https:\/\/ilanasadka.com\/chef\/wp-content\/uploads\/2024\/08\/dishes-1536x263.jpeg 1536w, https:\/\/ilanasadka.com\/chef\/wp-content\/uploads\/2024\/08\/dishes-2048x350.jpeg 2048w\" sizes=\"auto, (max-width: 2304px) 100vw, 2304px\" \/><img loading=\"lazy\" class=\"wp-image-4180 aligncenter\" src=\"https:\/\/ilanasadka.com\/chef\/wp-content\/uploads\/2025\/03\/Captura-2025-03-22-a-las-11.56.42.png\" alt=\"\" width=\"185\" height=\"37\" srcset=\"https:\/\/ilanasadka.com\/chef\/wp-content\/uploads\/2025\/03\/Captura-2025-03-22-a-las-11.56.42.png 380w, https:\/\/ilanasadka.com\/chef\/wp-content\/uploads\/2025\/03\/Captura-2025-03-22-a-las-11.56.42-300x60.png 300w\" sizes=\"auto, (max-width: 185px) 100vw, 185px\" \/><\/p>\r\n<h5 class=\"p1\" style=\"text-align: center;\">\u201cKosher contempor\u00e1neo \u2013 Tradici\u00f3n con visi\u00f3n global desde Barcelona\u201d<\/h5>\r\n<p style=\"text-align: center;\"><em>Chef ilana Sadka in Barcelona<\/em><\/p>\r\n<p style=\"text-align: center;\"><script src=\"https:\/\/www.hebcal.com\/etc\/hdate-he.js\" crossorigin=\"anonymous\">\r\n<\/script><\/p>\r\n<p style=\"text-align: center;\"><em><span style=\"color: #99ccff;\">All the images contained in this website are exclusive properties of chef Ilana Sadka and can be used by naming the source and with its permission.<\/span><\/em><\/p>\r\n","protected":false},"excerpt":{"rendered":"<p>Gracias a su amplia experiencia por todo el mundo, trabajo, sesiones de formaci\u00f3n y colaboraciones, llana ha perfeccionado sus habilidades culinarias en diversos entornos, como S\u00e3o Paulo, Estados Unidos, Italia [&hellip;]<\/p>\n","protected":false},"author":1,"featured_media":0,"parent":0,"menu_order":5,"comment_status":"closed","ping_status":"open","template":"","meta":{"footnotes":""},"class_list":["post-2","page","type-page","status-publish","hentry"],"blocksy_meta":[],"_links":{"self":[{"href":"https:\/\/ilanasadka.com\/chef\/wp-json\/wp\/v2\/pages\/2","targetHints":{"allow":["GET"]}}],"collection":[{"href":"https:\/\/ilanasadka.com\/chef\/wp-json\/wp\/v2\/pages"}],"about":[{"href":"https:\/\/ilanasadka.com\/chef\/wp-json\/wp\/v2\/types\/page"}],"author":[{"embeddable":true,"href":"https:\/\/ilanasadka.com\/chef\/wp-json\/wp\/v2\/users\/1"}],"replies":[{"embeddable":true,"href":"https:\/\/ilanasadka.com\/chef\/wp-json\/wp\/v2\/comments?post=2"}],"version-history":[{"count":143,"href":"https:\/\/ilanasadka.com\/chef\/wp-json\/wp\/v2\/pages\/2\/revisions"}],"predecessor-version":[{"id":4759,"href":"https:\/\/ilanasadka.com\/chef\/wp-json\/wp\/v2\/pages\/2\/revisions\/4759"}],"wp:attachment":[{"href":"https:\/\/ilanasadka.com\/chef\/wp-json\/wp\/v2\/media?parent=2"}],"curies":[{"name":"wp","href":"https:\/\/api.w.org\/{rel}","templated":true}]}}