{"id":3519,"date":"2024-09-25T14:15:36","date_gmt":"2024-09-25T14:15:36","guid":{"rendered":"https:\/\/ilanasadka.com\/chef\/?page_id=3519"},"modified":"2026-02-21T11:40:49","modified_gmt":"2026-02-21T10:40:49","slug":"cocinera-kosher-barcelona-articulos","status":"publish","type":"page","link":"https:\/\/ilanasadka.com\/chef\/cocinera-kosher-barcelona-articulos\/","title":{"rendered":"Art\u00edculos y noticias"},"content":{"rendered":"<p style=\"text-align: center;\" data-rm-block-id=\"block-1\"><style id=\"wp_carousel_dynamic_css3543\">.sp-wp-carousel-free-id-3543.wpcf-fancybox-wrapper .fancybox-bg{background: #0b0b0b;opacity: 0.8;}.sp-wp-carousel-free-id-3543.wpcf-fancybox-wrapper .fancybox-navigation .fancybox-button .wpcp-fancybox-nav-arrow i {color: #ccc;}.sp-wp-carousel-free-id-3543.wpcf-fancybox-wrapper .fancybox-navigation .fancybox-button .wpcp-fancybox-nav-arrow i:hover {color: #fff;}.sp-wp-carousel-free-id-3543.wpcf-fancybox-wrapper .fancybox-navigation .fancybox-button {background: #1e1e1e;}.sp-wp-carousel-free-id-3543.wpcf-fancybox-wrapper .fancybox-navigation .fancybox-button:hover {background: #1e1e1e;}#sp-wp-carousel-free-id-3543 .wpcp-swiper-dots {margin: 40px 0px 0px 0px;}@media screen and (max-width: 479px) {#sp-wp-carousel-free-id-3543 .wpcp-swiper-dots {display: none;}}.wpcp-wrapper-3543 .swiper-wrapper .swiper-slide-kenburn, .wpcp-wrapper-3543 .swiper-wrapper, .wpcp-wrapper-3543 .wpcpro-row{align-items: center;}#sp-wp-carousel-free-id-3543 .wpcp-single-item {box-shadow: 0px 0px 0px 0px #dddddd;transition: all .3s;margin: 0px;}#sp-wp-carousel-free-id-3543.swiper-flip .wpcp-single-item{margin: 0!important;}#sp-wp-carousel-free-id-3543 .wpcp-single-item:hover {box-shadow: 0px 0px 0px 0px #dddddd;}#sp-wp-carousel-free-id-3543.sp-wpcp-3543 .wpcp-single-item {border: 1px solid #dddddd;}#sp-wp-carousel-free-id-3543.wpcp-carousel-section.sp-wpcp-3543 .swiper-button-prev,#sp-wp-carousel-free-id-3543.wpcp-carousel-section.sp-wpcp-3543 .swiper-button-next,#sp-wp-carousel-free-id-3543.wpcp-carousel-section.sp-wpcp-3543 .swiper-button-prev:hover,#sp-wp-carousel-free-id-3543.wpcp-carousel-section.sp-wpcp-3543 .swiper-button-next:hover {font-size: 18px ; font-weight: 400;}#sp-wp-carousel-free-id-3543.sp-wpcp-3543 .swiper-button-prev,#sp-wp-carousel-free-id-3543.sp-wpcp-3543 .swiper-button-next,#sp-wp-carousel-free-id-3543.sp-wpcp-3543 .swiper-button-prev:hover,#sp-wp-carousel-free-id-3543.sp-wpcp-3543 .swiper-button-next:hover {background: none;border: none;font-size: 30px;}#sp-wp-carousel-free-id-3543.sp-wpcp-3543 .swiper-button-prev i,#sp-wp-carousel-free-id-3543.sp-wpcp-3543 .swiper-button-next i {color: #aaa;}#sp-wp-carousel-free-id-3543.sp-wpcp-3543 .swiper-button-prev i:hover,#sp-wp-carousel-free-id-3543.sp-wpcp-3543 .swiper-button-next i:hover {color: #178087;}#sp-wp-carousel-free-id-3543.sp-wpcp-3543 .wpcp-swiper-dots .swiper-pagination-bullet {background-color: #cccccc;}#sp-wp-carousel-free-id-3543.sp-wpcp-3543 .wpcp-swiper-dots .swiper-pagination-bullet.swiper-pagination-bullet-active {background-color: #178087;} #sp-wp-carousel-free-id-3543.sp-wpcp-3543.wpcp-image-carousel .wpcp-single-item:hover img, #sp-wp-carousel-free-id-3543.sp-wpcp-3543.wpcp-post-carousel .wpcp-single-item:hover img, #sp-wp-carousel-free-id-3543.sp-wpcp-3543.wpcp-product-carousel .wpcp-single-item:hover img{-webkit-transform: scale(1.2);-moz-transform: scale(1.2);transform: scale(1.2);}.wpcp-carousel-wrapper #sp-wp-carousel-free-id-3543.wpcp-post-carousel .wpcp-single-item {background: #f9f9f9;}#sp-wp-carousel-free-id-3543 .wpcpro-row>[class*=\"wpcpro-col-\"] { padding: 0 10px; padding-bottom: 20px;} #sp-wp-carousel-free-id-3543 .swiper-slide .single-item-fade:not(:last-child) { margin-right: 20px;}@media (min-width: 480px) { .wpcpro-row .wpcpro-col-sm-1 { flex: 0 0 100%; max-width: 100%; } .wpcpro-row .wpcpro-col-sm-2 { flex: 0 0 50%; max-width: 50%; } .wpcpro-row .wpcpro-col-sm-2-5 { flex: 0 0 75%; max-width: 75%; } .wpcpro-row .wpcpro-col-sm-3 { flex: 0 0 33.333%; max-width: 33.333%; } .wpcpro-row .wpcpro-col-sm-4 { flex: 0 0 25%; max-width: 25%; } .wpcpro-row .wpcpro-col-sm-5 { flex: 0 0 20%; max-width: 20%; } .wpcpro-row .wpcpro-col-sm-6 { flex: 0 0 16.66666666666667%; max-width: 16.66666666666667%; } .wpcpro-row .wpcpro-col-sm-7 { flex: 0 0 14.28571428%; max-width: 14.28571428%; } .wpcpro-row .wpcpro-col-sm-8 { flex: 0 0 12.5%; max-width: 12.5%; } } @media (max-width: 480px) { .wpcpro-row .wpcpro-col-xs-1 { flex: 0 0 100%; max-width: 100%; } .wpcpro-row .wpcpro-col-xs-2 { flex: 0 0 50%; max-width: 50%; } .wpcpro-row .wpcpro-col-xs-3 { flex: 0 0 33.222%; max-width: 33.222%; } .wpcpro-row .wpcpro-col-xs-4 { flex: 0 0 25%; max-width: 25%; } .wpcpro-row .wpcpro-col-xs-5 { flex: 0 0 20%; max-width: 20%; } .wpcpro-row .wpcpro-col-xs-6 { flex: 0 0 16.6667%; max-width: 16.6667%; } .wpcpro-row .wpcpro-col-xs-7 { flex: 0 0 14.28571428%; max-width: 14.28571428%; } .wpcpro-row .wpcpro-col-xs-8 { flex: 0 0 12.5%; max-width: 12.5%; } } @media (min-width: 736px) { .wpcpro-row .wpcpro-col-md-1 { flex: 0 0 100%; max-width: 100%; } .wpcpro-row .wpcpro-col-md-2 { flex: 0 0 50%; max-width: 50%; } .wpcpro-row .wpcpro-col-md-2-5 { flex: 0 0 75%; max-width: 75%; } .wpcpro-row .wpcpro-col-md-3 { flex: 0 0 33.333%; max-width: 33.333%; } .wpcpro-row .wpcpro-col-md-4 { flex: 0 0 25%; max-width: 25%; } .wpcpro-row .wpcpro-col-md-5 { flex: 0 0 20%; max-width: 20%; } .wpcpro-row .wpcpro-col-md-6 { flex: 0 0 16.66666666666667%; max-width: 16.66666666666667%; } .wpcpro-row .wpcpro-col-md-7 { flex: 0 0 14.28571428%; max-width: 14.28571428%; } .wpcpro-row .wpcpro-col-md-8 { flex: 0 0 12.5%; max-width: 12.5%; } } @media (min-width: 980px) { .wpcpro-row .wpcpro-col-lg-1 { flex: 0 0 100%; max-width: 100%; } .wpcpro-row .wpcpro-col-lg-2 { flex: 0 0 50%; max-width: 50%; } .wpcpro-row .wpcpro-col-lg-3 { flex: 0 0 33.222%; max-width: 33.222%; } .wpcpro-row .wpcpro-col-lg-4 { flex: 0 0 25%; max-width: 25%; } .wpcpro-row .wpcpro-col-lg-5 { flex: 0 0 20%; max-width: 20%; } .wpcpro-row .wpcpro-col-lg-6 { flex: 0 0 16.6667%; max-width: 16.6667%; } .wpcpro-row .wpcpro-col-lg-7 { flex: 0 0 14.28571428%; max-width: 14.28571428%; } .wpcpro-row .wpcpro-col-lg-8 { flex: 0 0 12.5%; max-width: 12.5%; } } @media (min-width: 1200px) { .wpcpro-row .wpcpro-col-xl-1 { flex: 0 0 100%; max-width: 100%; } .wpcpro-row .wpcpro-col-xl-2 { flex: 0 0 50%; max-width: 50%; } .wpcpro-row .wpcpro-col-xl-3 { flex: 0 0 33.22222222%; max-width: 33.22222222%; } .wpcpro-row .wpcpro-col-xl-4 { flex: 0 0 25%; max-width: 25%; } .wpcpro-row .wpcpro-col-xl-5 { flex: 0 0 20%; max-width: 20%; } .wpcpro-row .wpcpro-col-xl-6 { flex: 0 0 16.66667%; max-width: 16.66667%; } .wpcpro-row .wpcpro-col-xl-7 { flex: 0 0 14.28571428%; max-width: 14.28571428%; } .wpcpro-row .wpcpro-col-xl-8 { flex: 0 0 12.5%; max-width: 12.5%; } }<\/style><div class=\"wpcp-carousel-wrapper wpcp-wrapper-3543\">\n\t<div id=\"wpcp-preloader-3543\" class=\"wpcp-carousel-preloader\"><img src=\"https:\/\/ilanasadka.com\/chef\/wp-content\/plugins\/wp-carousel-free\/public\/css\/spinner.svg\" alt=\"Preloader Image\" \/><\/div>\t<div class=\"wpcp-carousel-content-wrapper\">\n\t<div id=\"sp-wp-carousel-free-id-3543\" class=\"wpcp-carousel-section sp-wpcp-3543  nav-vertical-center wpcp-post-carousel wpcp-preloader wpcp-standard\" data-swiper='{ &quot;pagination_type&quot;: &quot;dots&quot;,&quot;accessibility&quot;:true, &quot;spaceBetween&quot;:20, &quot;arrows&quot;:true, &quot;freeMode&quot;: false, &quot;autoplay&quot;:true, &quot;effect&quot;: &quot;&quot;, &quot;centerMode&quot;: false, &quot;autoplaySpeed&quot;:3000, &quot;dots&quot;:true, &quot;infinite&quot;:true, &quot;speed&quot;:600, &quot;pauseOnHover&quot;:true,\n\t\t\t&quot;slidesToShow&quot;:{&quot;lg_desktop&quot;:1, &quot;desktop&quot;: 1, &quot;laptop&quot;: 1, &quot;tablet&quot;: 1, &quot;mobile&quot;: 1}, &quot;responsive&quot;:{&quot;desktop&quot;:1200, &quot;laptop&quot;: 980, &quot;tablet&quot;: 736, &quot;mobile&quot;: 480}, &quot;rtl&quot;:false, &quot;lazyLoad&quot;: &quot;false&quot;, &quot;swipe&quot;: true, &quot;draggable&quot;: true, &quot;swipeToSlide&quot;:false }' dir=\"ltr\">\n\t\t<div class=\"swiper-wrapper\">\n\t\t<div class=\"swiper-slide\">\n\t<div class=\"wpcp-single-item\">\n\t\t\t<div class=\"wpcp-slide-image\">\n\t\t<a href=\"https:\/\/ilanasadka.com\/chef\/sesion-fotografica-chef-ilana-en-royal-shoot-estudio-barcelona\/\">\n\t\t\t<img loading=\"lazy\" class=\"skip-lazy\" src=\"https:\/\/ilanasadka.com\/chef\/wp-content\/uploads\/2024\/09\/Shoot-768x432.jpeg\" title=\"Shoot\" alt=\"\" width=\"768\" height=\"432\">\t\t<\/a>\n\t<\/div>\n\t\t\t\t<div class=\"wpcp-all-captions\">\n\t\t<h2 class=\"wpcp-post-title\">\n\t<a href=\"https:\/\/ilanasadka.com\/chef\/sesion-fotografica-chef-ilana-en-royal-shoot-estudio-barcelona\/\">\n\t\tSESION FOTOGRAFICA DE LA CHEF ILANA EN ROYALE SHOOT ESTUDIO BARCELONA\t<\/a>\n<\/h2>\n\t<div class='wpcp-post-content'>\n\t<p>El pasado 23 de Septiembre, tuvo lugar una sesi\u00f3n de fotos profesional con la Chef ilana Sadka. Fotograf\u00edas destinadas a medios y sesi\u00f3n de actualizaci\u00f3n de rutina. Esta vez, el [&hellip;]<\/p>\n<\/div>\n\t\t<\/div>\n\t<\/div>\n<\/div>\n<div class=\"swiper-slide\">\n\t<div class=\"wpcp-single-item\">\n\t\t\t<div class=\"wpcp-slide-image\">\n\t\t<a href=\"https:\/\/ilanasadka.com\/chef\/visita-de-cortesia-al-maestro-de-la-restauracion-de-barcelona\/\">\n\t\t\t<img loading=\"lazy\" class=\"skip-lazy\" src=\"https:\/\/ilanasadka.com\/chef\/wp-content\/uploads\/2024\/09\/Imagen_POST-1-768x432.jpeg\" title=\"Imagen_POST\" alt=\"\" width=\"768\" height=\"432\">\t\t<\/a>\n\t<\/div>\n\t\t\t\t<div class=\"wpcp-all-captions\">\n\t\t<h2 class=\"wpcp-post-title\">\n\t<a href=\"https:\/\/ilanasadka.com\/chef\/visita-de-cortesia-al-maestro-de-la-restauracion-de-barcelona\/\">\n\t\tVISITA DE CORTESIA AL \u00abMAESTRO\u00bb DE LA RESTAURACI\u00d3N DE BARCELONA\t<\/a>\n<\/h2>\n\t<div class='wpcp-post-content'>\n\t<p>Moncho Neira (e.p.d.) era hasta 2025 el maestro indiscutible de la restauraci\u00f3n de Barcelona y uno de los grandes de Espa\u00f1a. Con productos de primera y m\u00e1s de 900 empleados [&hellip;]<\/p>\n<\/div>\n\t\t<\/div>\n\t<\/div>\n<\/div>\n<div class=\"swiper-slide\">\n\t<div class=\"wpcp-single-item\">\n\t\t\t<div class=\"wpcp-slide-image\">\n\t\t<a href=\"https:\/\/ilanasadka.com\/chef\/visita-a-barcelona-de-henrique-cymerman\/\">\n\t\t\t<img loading=\"lazy\" class=\"skip-lazy\" src=\"https:\/\/ilanasadka.com\/chef\/wp-content\/uploads\/2024\/12\/admin-ajax.jpeg\" title=\"admin-ajax\" alt=\"\" width=\"600\" height=\"395\">\t\t<\/a>\n\t<\/div>\n\t\t\t\t<div class=\"wpcp-all-captions\">\n\t\t<h2 class=\"wpcp-post-title\">\n\t<a href=\"https:\/\/ilanasadka.com\/chef\/visita-a-barcelona-de-henrique-cymerman\/\">\n\t\tILANA SADKA CON HENRIQUE CYMERMAN EN SU VISITA A BARCELONA\t<\/a>\n<\/h2>\n\t<div class='wpcp-post-content'>\n\t<p>La Chef Ilana Sadka tuvo la ocasi\u00f3n de encontrar con Henrique Cymerman en su reciente visita a la ciudad Condal. Henrique, reconocido orador, conferenciante, profesor y periodista internacional, corresponsal en [&hellip;]<\/p>\n<\/div>\n\t\t<\/div>\n\t<\/div>\n<\/div>\n<div class=\"swiper-slide\">\n\t<div class=\"wpcp-single-item\">\n\t\t\t<div class=\"wpcp-slide-image\">\n\t\t<a href=\"https:\/\/ilanasadka.com\/chef\/ilana-gritzewsky-rehen-liberada-de-hamas-visito-barcelona\/\">\n\t\t\t<img loading=\"lazy\" class=\"skip-lazy\" src=\"https:\/\/ilanasadka.com\/chef\/wp-content\/uploads\/2024\/11\/ilana-Sadka-e-Ilana-Gritzewsky-768x432.jpg\" title=\"ilana Sadka e Ilana Gritzewsky,\" alt=\"\" width=\"768\" height=\"432\">\t\t<\/a>\n\t<\/div>\n\t\t\t\t<div class=\"wpcp-all-captions\">\n\t\t<h2 class=\"wpcp-post-title\">\n\t<a href=\"https:\/\/ilanasadka.com\/chef\/ilana-gritzewsky-rehen-liberada-de-hamas-visito-barcelona\/\">\n\t\tILANA GRITZEWSKY, REHEN LIBERADA DE HAM\u00c1S, VISIT\u00d3 BARCELONA\t<\/a>\n<\/h2>\n\t<div class='wpcp-post-content'>\n\t<p>Ilana estuvo como reh\u00e9n del grupo terrorista palestino desde el pasado\u00a07 de octubre 2023, fecha en que estall\u00f3 la guerra en Israel y que hasta el mes de diciembre sigue, [&hellip;]<\/p>\n<\/div>\n\t\t<\/div>\n\t<\/div>\n<\/div>\n<div class=\"swiper-slide\">\n\t<div class=\"wpcp-single-item\">\n\t\t\t<div class=\"wpcp-slide-image\">\n\t\t<a href=\"https:\/\/ilanasadka.com\/chef\/pilar-rahola-visita-la-cjb\/\">\n\t\t\t<img loading=\"lazy\" class=\"skip-lazy\" src=\"https:\/\/ilanasadka.com\/chef\/wp-content\/uploads\/2025\/10\/Chef-Ilana-Sadka-y-Pilar-Rahola-768x524.jpg\" title=\"Screenshot\" alt=\"\" width=\"768\" height=\"524\">\t\t<\/a>\n\t<\/div>\n\t\t\t\t<div class=\"wpcp-all-captions\">\n\t\t<h2 class=\"wpcp-post-title\">\n\t<a href=\"https:\/\/ilanasadka.com\/chef\/pilar-rahola-visita-la-cjb\/\">\n\t\tPilar Rahola visita la CJB\t<\/a>\n<\/h2>\n\t<div class='wpcp-post-content'>\n\t<p>Pilar visit\u00f3 la Comunitat Jueva de Barcelona y prestigi\u00f3 al p\u00fablico con su conferencia. &nbsp; &nbsp; &nbsp; &nbsp; &nbsp; &nbsp; &nbsp; &nbsp; &nbsp; &nbsp; &nbsp; &nbsp; &nbsp; &nbsp; &nbsp; &nbsp;<\/p>\n<\/div>\n\t\t<\/div>\n\t<\/div>\n<\/div>\n<div class=\"swiper-slide\">\n\t<div class=\"wpcp-single-item\">\n\t\t\t<div class=\"wpcp-slide-image\">\n\t\t<a href=\"https:\/\/ilanasadka.com\/chef\/chef-ilana-sadka-visito-la-9a-chabad-lubavitch-en-marsella\/\">\n\t\t\t<img loading=\"lazy\" class=\"skip-lazy\" src=\"https:\/\/ilanasadka.com\/chef\/wp-content\/uploads\/2024\/09\/Imagen_2POST-768x432.jpeg\" title=\"Imagen_2POST\" alt=\"\" width=\"768\" height=\"432\">\t\t<\/a>\n\t<\/div>\n\t\t\t\t<div class=\"wpcp-all-captions\">\n\t\t<h2 class=\"wpcp-post-title\">\n\t<a href=\"https:\/\/ilanasadka.com\/chef\/chef-ilana-sadka-visito-la-9a-chabad-lubavitch-en-marsella\/\">\n\t\tCHEF ILANA SADKA VISIT\u00d3 LA 9a CHABAD LUBAVITCH EN MARSELLA\t<\/a>\n<\/h2>\n\t<div class='wpcp-post-content'>\n\t<p>Visita entra\u00f1able a una amiga de escuela y juventud, la actual Rebetzin Haya, a la cabeza de las actividades propias en la novena secci\u00f3n de Jabad en Marsella (Francia). Una [&hellip;]<\/p>\n<\/div>\n\t\t<\/div>\n\t<\/div>\n<\/div>\n<div class=\"swiper-slide\">\n\t<div class=\"wpcp-single-item\">\n\t\t\t<div class=\"wpcp-slide-image\">\n\t\t<a href=\"https:\/\/ilanasadka.com\/chef\/el-enigma-de-israel-de-henrique-cymerman\/\">\n\t\t\t<img loading=\"lazy\" class=\"skip-lazy\" src=\"https:\/\/ilanasadka.com\/chef\/wp-content\/uploads\/2025\/10\/Ilana-y-Henrique-Cymermann-1-768x435.jpg\" title=\"Ilana y Henrique Cymermann 1\" alt=\"\" width=\"768\" height=\"435\">\t\t<\/a>\n\t<\/div>\n\t\t\t\t<div class=\"wpcp-all-captions\">\n\t\t<h2 class=\"wpcp-post-title\">\n\t<a href=\"https:\/\/ilanasadka.com\/chef\/el-enigma-de-israel-de-henrique-cymerman\/\">\n\t\t\u00abEL ENIGMA ISRAEL\u00bb de Henrique Cymerman\t<\/a>\n<\/h2>\n\t<div class='wpcp-post-content'>\n\t<p>Lleg\u00f3 a la CJB libro \u00abEl enigma Israel\u00bb de Henrique Cymerman. Y como no, el encuentro de una amistad que ya se remonta al pasado. Tanto la Chef Ilana como [&hellip;]<\/p>\n<\/div>\n\t\t<\/div>\n\t<\/div>\n<\/div>\n<div class=\"swiper-slide\">\n\t<div class=\"wpcp-single-item\">\n\t\t\t<div class=\"wpcp-slide-image\">\n\t\t<a href=\"https:\/\/ilanasadka.com\/chef\/eruv-tavshilin-pessaj-5786-chef-ilana-sadka\/\">\n\t\t\t<img loading=\"lazy\" class=\"skip-lazy\" src=\"https:\/\/ilanasadka.com\/chef\/wp-content\/uploads\/2026\/04\/pessaj-768x435.jpg\" title=\"pessaj\" alt=\"\" width=\"768\" height=\"435\">\t\t<\/a>\n\t<\/div>\n\t\t\t\t<div class=\"wpcp-all-captions\">\n\t\t<h2 class=\"wpcp-post-title\">\n\t<a href=\"https:\/\/ilanasadka.com\/chef\/eruv-tavshilin-pessaj-5786-chef-ilana-sadka\/\">\n\t\tChef Ilana Sadka participa del Eruv Tavshilin. Pessaj 5786\t<\/a>\n<\/h2>\n\t<div class='wpcp-post-content'>\n\t<p>La Chef Ilana Sadka, acompa\u00f1\u00f3 al Rabino Garz\u00f3n de la Comunidad Jud\u00eda de Barcelona (CJB) en el acto de Eruv Tavshilin, con motivo del Pessaj 5786. Durante las festividades, en [&hellip;]<\/p>\n<\/div>\n\t\t<\/div>\n\t<\/div>\n<\/div>\n<div class=\"swiper-slide\">\n\t<div class=\"wpcp-single-item\">\n\t\t\t<div class=\"wpcp-slide-image\">\n\t\t<a href=\"https:\/\/ilanasadka.com\/chef\/la-dra-monastaersky-visito-a-la-chef-ilana-en-barcelona\/\">\n\t\t\t<img loading=\"lazy\" class=\"skip-lazy\" src=\"https:\/\/ilanasadka.com\/chef\/wp-content\/uploads\/2024\/09\/Imagen_7POST-768x432.jpeg\" title=\"Imagen_7POST\" alt=\"\" width=\"768\" height=\"432\">\t\t<\/a>\n\t<\/div>\n\t\t\t\t<div class=\"wpcp-all-captions\">\n\t\t<h2 class=\"wpcp-post-title\">\n\t<a href=\"https:\/\/ilanasadka.com\/chef\/la-dra-monastaersky-visito-a-la-chef-ilana-en-barcelona\/\">\n\t\tLA DRA. MONASTERSKY VISIT\u00d3 A LA CHEF ILANA EN BARCELONA.\t<\/a>\n<\/h2>\n\t<div class='wpcp-post-content'>\n\t<p>La Chef ilana Sadka recibi\u00f3 la visita en Barcelona de la conceptuada Pediatra y Neonatologa Dra. Eliana Monastersky, miembro destacado de la Comunidad Israelita de Sao Paulo (Brasil). Ambas trataron [&hellip;]<\/p>\n<\/div>\n\t\t<\/div>\n\t<\/div>\n<\/div>\n<div class=\"swiper-slide\">\n\t<div class=\"wpcp-single-item\">\n\t\t\t<div class=\"wpcp-slide-image\">\n\t\t<a href=\"https:\/\/ilanasadka.com\/chef\/chef-ilana-sadka-en-la-kiwi-summer-bbq\/\">\n\t\t\t<img loading=\"lazy\" class=\"skip-lazy\" src=\"https:\/\/ilanasadka.com\/chef\/wp-content\/uploads\/2024\/09\/gdis-768x432.jpg\" title=\"gdis\" alt=\"\" width=\"768\" height=\"432\">\t\t<\/a>\n\t<\/div>\n\t\t\t\t<div class=\"wpcp-all-captions\">\n\t\t<h2 class=\"wpcp-post-title\">\n\t<a href=\"https:\/\/ilanasadka.com\/chef\/chef-ilana-sadka-en-la-kiwi-summer-bbq\/\">\n\t\tCHEF ILANA SADKA CON GRANT DALTON EN LA KIWI SUMMER BBQ\t<\/a>\n<\/h2>\n\t<div class='wpcp-post-content'>\n\t<p>Justo antes de las decisivas regatas finales y durante la celebraci\u00f3n interna de la barbacoa \u00abKiwi Summer BBQ\u00bb en la base n\u00e1utica de Emirates Team New Zealand en el puerto [&hellip;]<\/p>\n<\/div>\n\t\t<\/div>\n\t<\/div>\n<\/div>\n<div class=\"swiper-slide\">\n\t<div class=\"wpcp-single-item\">\n\t\t\t<div class=\"wpcp-slide-image\">\n\t\t<a href=\"https:\/\/ilanasadka.com\/chef\/exposicion-en-barcelona\/\">\n\t\t\t<img loading=\"lazy\" class=\"skip-lazy\" src=\"https:\/\/ilanasadka.com\/chef\/wp-content\/uploads\/2025\/05\/kosher-in-Barcelona-768x431.jpeg\" title=\"kosher in Barcelona\" alt=\"\" width=\"768\" height=\"431\">\t\t<\/a>\n\t<\/div>\n\t\t\t\t<div class=\"wpcp-all-captions\">\n\t\t<h2 class=\"wpcp-post-title\">\n\t<a href=\"https:\/\/ilanasadka.com\/chef\/exposicion-en-barcelona\/\">\n\t\tEXPOSICI\u00d3N EN BARCELONA\t<\/a>\n<\/h2>\n\t<div class='wpcp-post-content'>\n\t<p>La conceptuada pintora carioca Raquel Pfefferbaum expone en Barcelona y tuvo la oportunidad de encontrarse con Ilana, quien pudo observar de la mano de la autora los maravillosos trabajos art\u00edsticos. [&hellip;]<\/p>\n<\/div>\n\t\t<\/div>\n\t<\/div>\n<\/div>\n<div class=\"swiper-slide\">\n\t<div class=\"wpcp-single-item\">\n\t\t\t<div class=\"wpcp-slide-image\">\n\t\t<a href=\"https:\/\/ilanasadka.com\/chef\/politica-de-cookies\/\">\n\t\t\t<img loading=\"lazy\" class=\"skip-lazy\" src=\"https:\/\/ilanasadka.com\/chef\/wp-content\/uploads\/2024\/09\/Imagen_POST-768x432.jpg\" title=\"Imagen_POST\" alt=\"\" width=\"768\" height=\"432\">\t\t<\/a>\n\t<\/div>\n\t\t\t\t<div class=\"wpcp-all-captions\">\n\t\t<h2 class=\"wpcp-post-title\">\n\t<a href=\"https:\/\/ilanasadka.com\/chef\/politica-de-cookies\/\">\n\t\tPOL\u00cdTICA DE COOKIES\t<\/a>\n<\/h2>\n\t<div class='wpcp-post-content'>\n\t<p>Cookies Policy Fecha de entrada en vigor: 12 de septiembre de 2024 \u00daltima actualizaci\u00f3n: 12 de septiembre de 2024 \u00bfQu\u00e9 son las cookies? Esta Pol\u00edtica de cookies explica qu\u00e9 son [&hellip;]<\/p>\n<\/div>\n\t\t<\/div>\n\t<\/div>\n<\/div>\n\t\t<\/div>\n\t\t\t\t\t<div class=\"wpcp-swiper-dots swiper-pagination\"><\/div>\n\t\t\t\t<!-- If we need navigation buttons -->\n\t\t\t\t\t<div class=\"wpcp-prev-button swiper-button-prev\"><i class=\"fa fa-angle-left\"><\/i><\/div>\n\t\t\t<div class=\"wpcp-next-button swiper-button-next\"><i class=\"fa fa-angle-right\"><\/i><\/div>\n\t\t\t<\/div>\n\t<\/div>\n<\/div>\n<\/p>\n<p data-rm-block-id=\"block-2\">\n<p data-rm-block-id=\"block-3\">\n<p data-rm-block-id=\"block-4\">\n<p data-rm-block-id=\"block-5\">\n<p style=\"text-align: right;\" data-rm-block-id=\"block-6\"><input type=\"button\" value=\"Volver atr\u00e1s\" class=\"alg_back_button_input \" style=\"\" onclick=\"window.history.back()\" \/><\/p>\n<p data-rm-block-id=\"block-7\">\n<p data-rm-block-id=\"block-8\">\n<p data-rm-block-id=\"block-9\">\n<p data-rm-block-id=\"block-10\">\n<p data-rm-block-id=\"block-11\">\n<p data-rm-block-id=\"block-12\"><a href=\"https:\/\/ilanasadka.com\/chef\/events\/\"><img loading=\"lazy\" class=\"wp-image-4148 aligncenter\" src=\"https:\/\/ilanasadka.com\/chef\/wp-content\/uploads\/2025\/01\/Calendari.png\" alt=\"\" width=\"60\" height=\"72\" srcset=\"https:\/\/ilanasadka.com\/chef\/wp-content\/uploads\/2025\/01\/Calendari.png 395w, https:\/\/ilanasadka.com\/chef\/wp-content\/uploads\/2025\/01\/Calendari-249x300.png 249w\" sizes=\"auto, (max-width: 60px) 100vw, 60px\" \/><\/a><\/p>\n<p style=\"text-align: center;\" data-rm-block-id=\"block-13\">Calendario de test a modo de ejemplo <strong>en desarrollo <\/strong><\/p>\n<p style=\"text-align: center;\" data-rm-block-id=\"block-14\">(NO V\u00c1LIDO)<\/p>\n<p data-rm-block-id=\"block-15\">\n<p style=\"text-align: center;\" data-rm-block-id=\"block-16\"><img loading=\"lazy\" class=\"aligncenter size-full wp-image-4406\" src=\"https:\/\/ilanasadka.com\/chef\/wp-content\/uploads\/2025\/06\/embutidos-kosher.jpg\" alt=\"\" width=\"1716\" height=\"394\" srcset=\"https:\/\/ilanasadka.com\/chef\/wp-content\/uploads\/2025\/06\/embutidos-kosher.jpg 1716w, https:\/\/ilanasadka.com\/chef\/wp-content\/uploads\/2025\/06\/embutidos-kosher-300x69.jpg 300w, https:\/\/ilanasadka.com\/chef\/wp-content\/uploads\/2025\/06\/embutidos-kosher-1024x235.jpg 1024w, https:\/\/ilanasadka.com\/chef\/wp-content\/uploads\/2025\/06\/embutidos-kosher-768x176.jpg 768w, https:\/\/ilanasadka.com\/chef\/wp-content\/uploads\/2025\/06\/embutidos-kosher-1536x353.jpg 1536w\" sizes=\"auto, (max-width: 1716px) 100vw, 1716px\" \/><\/p>\n<p style=\"text-align: center;\" data-rm-block-id=\"block-17\"><em>Embutidos y Fr\u00edos totalmente Kosher. Alta gastronom\u00eda y delicatessen en Barcelona.<\/em><\/p>\n<p data-rm-block-id=\"block-18\"><span style=\"color: #ffffff;\">Art\u00edculos y Noticias de la Chef ilana Sadka<\/span><\/p>\n","protected":false},"excerpt":{"rendered":"<p>Calendario de test a modo de ejemplo en desarrollo (NO V\u00c1LIDO) Embutidos y Fr\u00edos totalmente Kosher. Alta gastronom\u00eda y delicatessen en Barcelona. Art\u00edculos y Noticias de la Chef ilana Sadka<\/p>\n","protected":false},"author":1,"featured_media":0,"parent":0,"menu_order":4,"comment_status":"closed","ping_status":"closed","template":"","meta":{"footnotes":""},"class_list":["post-3519","page","type-page","status-publish","hentry"],"blocksy_meta":[],"_links":{"self":[{"href":"https:\/\/ilanasadka.com\/chef\/wp-json\/wp\/v2\/pages\/3519","targetHints":{"allow":["GET"]}}],"collection":[{"href":"https:\/\/ilanasadka.com\/chef\/wp-json\/wp\/v2\/pages"}],"about":[{"href":"https:\/\/ilanasadka.com\/chef\/wp-json\/wp\/v2\/types\/page"}],"author":[{"embeddable":true,"href":"https:\/\/ilanasadka.com\/chef\/wp-json\/wp\/v2\/users\/1"}],"replies":[{"embeddable":true,"href":"https:\/\/ilanasadka.com\/chef\/wp-json\/wp\/v2\/comments?post=3519"}],"version-history":[{"count":17,"href":"https:\/\/ilanasadka.com\/chef\/wp-json\/wp\/v2\/pages\/3519\/revisions"}],"predecessor-version":[{"id":4647,"href":"https:\/\/ilanasadka.com\/chef\/wp-json\/wp\/v2\/pages\/3519\/revisions\/4647"}],"wp:attachment":[{"href":"https:\/\/ilanasadka.com\/chef\/wp-json\/wp\/v2\/media?parent=3519"}],"curies":[{"name":"wp","href":"https:\/\/api.w.org\/{rel}","templated":true}]}}